 + 4. Let f(h) = -h - 6. Let q(r) = 3*r + 17. Let l(d) = 17*f(d) + 6*q(d). Let a(g) = 2*l(g) - n(g). Calculate a(-4).
0
Let b(k) = -k**2 - 2*k + 5. Let p be b(-3). Let r(o) = -o**3 - 2*o**2 + 6*o - o**p - 7*o - o**3 + 1. Determine r(-2).
7
Let y = 491/84 - 38/7. Let i(w) be the second derivative of w**2 - 1/3*w**3 - y*w**4 + 0 + 1/20*w**5 - 4*w. What is i(5)?
-8
Let p(y) = -5*y**2 + 3*y + 1. Let j(t) = -t. Let g(v) = -3*j(v) + p(v). Calculate g(2).
-7
Let o(m) = -3 - 2 + 4*m**2 - m - m**3 + 3. Let k(x) = -x**2 + 4*x - 5. Let w be k(4). Let i be (-30)/(-18)*(-9)/w. What is o(i)?
4
Let m = 293 - 305. Let n(f) = -f**2 - 13*f - 4. Calculate n(m).
8
Let v(r) be the third derivative of -r**4/12 + r**3/3 + 61*r**2 - 1. Let b(s) = -s**3 + 7*s**2 - 6*s + 5. Let x be b(6). Determine v(x).
-8
Let h(z) = z + 7. Let w be h(-6). Let b(n) be the first derivative of -1/2*n**2 + 2*n - 1. Give b(w).
1
Let w be ((-3)/2)/(((-108)/(-32))/(-9)). Let d(r) = 0 + 6 + 2*r + w. Determine d(-7).
-4
Let y = -3 - -6. Suppose 0 = y*c + 5 - 20. Let b(d) be the third derivative of d**5/60 - 5*d**4/24 - d**3 - 12*d**2 + 5. Give b(c).
-6
Let v(b) be the first derivative of -b**4/4 - 5*b**3/3 + b**2 + 5*b + 36. Calculate v(-5).
-5
Let n(d) = -21*d**3 - 2*d**2 - 2*d - 1. Suppose 5*v - 19 = -4*m, -3*m - 3 = -v - v. Suppose 6 = v*w - 3*r, -5*w + 0*w = 2*r + 11. Give n(w).
20
Suppose -143*l = -129*l - 224. Let d(k) = -3*k + 39. Calculate d(l).
-9
Let b(z) be the first derivative of 12 + 0*z - 4*z**2 - 1/4*z**4 - 10/3*z**3. What is b(-9)?
-9
Let p(z) = -3 + 97*z**2 - z + 2 + 104*z**2 - 203*z**2 + z**3. What is p(4)?
27
Let q(u) = 3*u**2 - 3*u + 4. Let h be q(1). Let r(t) = -4 - 9*t - t**2 - h - 11 + 9. What is r(-7)?
4
Let n(r) = -74*r - 5 + 5 + 89*r. Give n(-1).
-15
Suppose w + 24 = -3*w. Let j be (40/3)/4*15/10. Let x(q) = -q**3 - q**2 - q + 1. Let i(b) = -b**3 + 1. Let d(p) = j*i(p) + w*x(p). Determine d(-5).
-6
Let z(y) = -4 - 3*y - 3 + 2*y + 2. Let p be z(-7). Let g(x) = p + 0*x**2 + 3 + x**2 + 0*x + 5*x. Calculate g(-5).
5
Let s = -18 + 24. Suppose s*y = 2*y + 8. Let m(k) = -4*k - k + 2 - y. What is m(-2)?
10
Let z(f) = 90 - 36 - 2*f - 39. What is z(6)?
3
Let o(w) = w**3 - 10*w**2 + 19*w - 16. Let t be o(8). Let d(v) = -v**3 + 7*v**2 + 7*v + 2. Give d(t).
-6
Suppose 0 = -4*p + 16, 31*x - 1 = 26*x + p. Let f = 3 + -2. Let i(s) = -f + 3 - 4*s - 1. Determine i(x).
-3
Let b(q) be the second derivative of -q**4/12 - 19*q**3/6 - 37*q**2/2 - 173*q. What is b(-17)?
-3
Let b(a) = -5*a**2 - 15*a - 5. Let z(v) = -2*v. Let t(s) = -7*s**2 - 36*s - 7. Let f(u) = -2*t(u) + 14*z(u). Let w(p) = -17*b(p) - 6*f(p). What is w(5)?
-19
Let j(s) = s**2 + 4*s - 25. Suppose 59*i - 51*i = -56. Determine j(i).
-4
Let q(i) be the first derivative of i**4/4 - 10*i**3/3 - 5*i**2 - 15*i - 398. Calculate q(11).
-4
Let u(y) = y**2 + y - 1. Let m(z) = 5*z - 5. Let b(s) = m(s) - 5*u(s). Let l(c) = -c - 10. Let o be l(-7). Let w = o + 4. Calculate b(w).
-5
Let b(h) = h + 2. Let j be 4/9*3*6. Suppose 0 = -6*c - j - 28. Give b(c).
-4
Let l(a) be the third derivative of -a**5/60 + 5*a**4/12 - 4*a**3/3 - 155*a**2 - 2*a. Suppose -2*m + 30 = 4*q, -q - 19 = -3*q + 3*m. Calculate l(q).
8
Let c(n) = n**2 + 5*n - 17. Let b be c(-10). Let j = b + -39. Let o(s) = s**3. Let k(m) = -5*m**3 - 6*m**2 - m + 1. Let l(t) = -k(t) - 4*o(t). Determine l(j).
-7
Let f(x) = 2*x + 29. Let a be f(-14). Let t(o) = 0*o + o - 3 + a + 1. Determine t(8).
7
Let v(n) = -24*n + 2. Let z(m) = m. Let p(t) = v(t) + z(t). Determine p(2).
-44
Let v(f) = f**3 - 5*f + 2. Let k be -1*(0 + (-5)/20)*12. Calculate v(k).
14
Let l(c) = c - 1. Let s(h) = h - 1. Let b(r) = 4*l(r) - 7*s(r). Calculate b(6).
-15
Let w(o) be the first derivative of 3/2*o**2 - 1/4*o**4 + 0*o**3 + 23 - o. Let b be (0 - 2)/((-1)/1). Determine w(b).
-3
Let m(h) be the first derivative of h**4/12 - 5*h**3/3 - 6*h**2 + 40*h + 50. Let i(d) be the first derivative of m(d). Determine i(10).
-12
Let c(r) = -r - 1. Let h(i) = -i + 1. Suppose 4*f + 3 = k, k + 2 = f + 5. Let q(u) = k*c(u) - 4*h(u). Give q(0).
-7
Let q(s) = -s**2 - 13*s - 13. Let g(b) = 3*b**2 + 28*b + 30. Let y(t) = -2*g(t) - 5*q(t). Determine y(9).
5
Let x(z) = 2*z**2 + 42*z - 40. Let k be x(-22). Let m(a) be the first derivative of -a**2 + a + 1. What is m(k)?
-7
Let a(y) = -2*y**3 + 4*y**2 - 5*y. Let l be a(3). Let h = 26 + l. Let o(g) = g**3 + 8*g**2 + 7*g - 1. Determine o(h).
-1
Suppose 0 = d + 4 - 6. Let q(t) = 4*t - 3. Calculate q(d).
5
Suppose 6*u - u = 40. Let a(z) = 6*z + u*z**2 - 6 - 8*z**2 + z**2. Suppose -2*g + 5*p = 19, -2*p + 7*p + 30 = -5*g. Determine a(g).
1
Suppose 0 = f - 2 + 1. Let v(m) = 0*m + 2*m + 1258 - 1259 + 7*m. Give v(f).
8
Let s(f) = -f**3 + 3*f**2 - f - 4. Suppose -2*n = -o + 4*o - 22, -3*n = -3*o - 3. Suppose -3*q + 3 = 4*d, 3*d - o*q = -0*q + 21. Determine s(d).
-7
Let f(x) = -21 - 41 + 80 - 19 - x + x**2. Determine f(0).
-1
Let j = 10 - 10. Let h(m) be the first derivative of -m**4/4 - m**3/3 + m**2/2 + 3*m + 40. Give h(j).
3
Suppose 0 = 4*t - 2 - 2. Suppose c = -3 - t. Let p(v) be the second derivative of -v**5/20 - v**4/3 + 5*v**3/6 + 3*v**2 - v. What is p(c)?
-14
Let a = -359 + 349. Let i(h) = -3*h + 6. Determine i(a).
36
Let b = -6 - -7. Let n(o) = -o. Let s(m) be the third derivative of m**4/24 - m**3/6 - 4*m**2. Let c(l) = 4*n(l) + s(l). Calculate c(b).
-4
Suppose -6*a = -11*a - 9*a. Let t(r) = r + 15. What is t(a)?
15
Let m(t) = 2*t + 1. Let b(p) = -p**2 - 11*p - 15. Let d(k) = b(k) + 5*m(k). Let x = 3 - -1. Let h be 0/2*2/x. Give d(h).
-10
Let k be (-154 - -99)*2/(-10*1). Let a(t) = t**2 - 13*t + 23. Calculate a(k).
1
Let f(o) = -10*o**2 - o. Suppose 14*d + 15*d = 29. Calculate f(d).
-11
Let b(i) = -13*i**2 - 43*i + 24. Let l(o) = 5*o**2 + 15*o - 8. Let z(q) = -3*b(q) - 8*l(q). Calculate z(8).
0
Let m(p) = -1. Let f(i) = -2*i**2 - i - 9. Let t(w) = 5*w**2 + 3*w + 26. Let g(h) = 8*f(h) + 3*t(h). Let z(u) = g(u) + 3*m(u). What is z(3)?
-3
Let q(v) be the first derivative of -v - 2/3*v**3 + 0*v**2 - 31. Give q(1).
-3
Let b(c) = 12*c + 2. Let d(q) = -q**3 + 4*q**2 - 3*q - 4. Let m be d(2). Calculate b(m).
-22
Suppose 324 = -3*j + 9*j. Let t be 4*(j/(-66) + (-4)/22). Let f(l) = l**2 + 6*l + 2. What is f(t)?
-6
Let k(d) = -10*d**2 + 210*d + 1. Let z be k(21). Let t(b) = -b**2. Let c(v) = -3*v**2 - v + 4. Let r = -10 + 6. Let w(x) = r*t(x) + z*c(x). Calculate w(0).
4
Let w(d) = 0 - 2*d - 4 + 2. Give w(-2).
2
Let v(r) = -r**2 - 5*r + 4. Let p(k) = -k + 5. Let g be p(0). Let h = g - 9. Calculate v(h).
8
Suppose 4*a - 3*s - 8 = -0*a, -18 = -2*a - 2*s. Let v(o) = 2*o**2 - 6*o - 2. Give v(a).
18
Let z(d) = d**3 + 6*d**2 + d - 3. Let s(o) = -6*o**2 - 5*o + 5. Let t be s(1). Determine z(t).
-9
Let v(q) = -q**3 + 28*q**2 - 4*q + 107. Let a be v(28). Let p(y) = y**2 + 8*y + 3. What is p(a)?
-12
Let d = -387 - -384. Let y(s) be the second derivative of -s**4/12 - s**3/2 + 4*s. Determine y(d).
0
Suppose -2 = 5*l + 8. Let d be 9*(-1)/l + (-2)/4. Let n(t) = -t - 5. Calculate n(d).
-9
Let i(b) = 415*b**2 - 14*b - 838*b**2 + 17 + 424*b**2. Give i(13).
4
Let j(z) = -z - 3*z**2 - 2 - 51*z**3 + 0*z**2 + 4*z**2 + 50*z**3. Calculate j(-2).
12
Let m(k) = k**2 - 1. Let w(z) = 3*z**2 + 5*z + 1. Let s(u) = -2*m(u) + w(u). Suppose y - 5 - 1 = 0. Suppose q + q = -y. Give s(q).
-3
Suppose 58 = 6*u + 34. Let p(n) be the third derivative of 0*n + 1/15*n**5 - 7*n**2 + 1/6*n**3 - 1/120*n**6 + 0 + 1/4*n**u. Calculate p(5).
6
Suppose 0 = 2*z - 2, -9*z + 6*z = -3*n + 21. Let k(u) = u**2 - 6*u - 11. Calculate k(n).
5
Let h(s) = s**2 + 11*s + 6. Let y be -3 + 0 + 5 - (2 - 2). Suppose -y*t - 5*l = 10, 4*l = 5*t + 2*l + 54. What is h(t)?
-4
Let n(o) = -7*o**3 - 5*o**2 - o + 5. Let m(p) = 17*p**3 + 10*p**2 + 3*p - 10. Let a(q) = -2*m(q) - 5*n(q). Let j be ((-16)/(-12))/(1/(-3)). Give a(j).
15
Let n(r) = -r**2 - 9*r - 6. Let b be (-8 - 88/(-12))/((-2)/51). Suppose -3*w = -g - 21, 5*g - 2*w + 36 + b = 0. Determine n(g).
-6
Let z(w) = 16*w + 1. Suppose 7*g - 16 = -9. Give z(g).
17
Let b(a) = -a**2 + 128*a + 1228. Let r be b(-9). Let j(p) = p - p - p - 1. Calculate j(r).
4
Let m(b) = -b**3 + 3*b**2 + 2*b - 3. Let s = 36 + -14. Suppose u - s = 12. Let y be (-6)/15 + u/10. Determine m(y).
3
Let x(m) = m**2 + 6*m + 5. Suppose 0 = -11*l